 Suppose 0 = -5*h - 2*t + 136, i = 4*h + 4*t - 3*t - 107. What is the remainder when h is divided by 14?
12
Suppose 19*q = 16*q. Suppose -j - 2*j + 117 = q. Calculate the remainder when 115 is divided by j.
37
Let q(l) = l**2 - 2*l - 7. What is the remainder when q(-7) is divided by 16?
8
What is the remainder when 11 is divided by 2 + 1 - (-9 + 7)?
1
Let w = 295 - 191. What is the remainder when w is divided by 35?
34
Let k = -2 + 3. Let u be 1/(k/(-2)) + 166. Suppose 205 = 5*t - 3*d - 0*d, -5*d = -4*t + u. What is the remainder when t is divided by 14?
13
Let i(d) = -d + 4*d**2 - d + 3 - d**2. Let u(j) = -j**3 + 6*j**2 + 6*j - 5. What is the remainder when u(6) is divided by i(2)?
9
Suppose 3*v + 3 = 0, -4*j - 5*v - 5 = j. Suppose j = -3*s + 13 + 38. What is the remainder when 66 is divided by s?
15
Let v = 3 - -16. What is the remainder when 32 is divided by v?
13
Let u be 35*(1*-2)/(-2). Let o = u - 17. What is the remainder when o is divided by 6*6/45*10 + 2?
8
Calculate the remainder when 166 is divided by (-55)/22*6/(-10)*8.
10
Let q be (-80)/(-14) + (-4)/(-14). Suppose 4*x - 11 = -r + 22, 8 = 4*x. Calculate the remainder when r is divided by 4/1 + -3 + q.
4
Suppose -u = 4*c + 72, -73 = 5*c - 2*u - u. Let p = c + 24. Calculate the remainder when 10 is divided by p.
3
Let p = -38 - -52. Calculate the remainder when 53 is divided by p.
11
Let g(w) = -w**3 + 1. What is the remainder when 14 is divided by g(-2)?
5
Let z be (-2)/(-4) - 138/4. Suppose 3*d - 4*d = -64. Let x = z + d. What is the remainder when x is divided by 16?
14
Suppose 2*i - 3*i = -2. Suppose -i*z + z + 2 = 0. Let n(t) = t**2 - 5*t + 6. Calculate the remainder when z is divided by n(4).
0
Suppose 5*m = -3 + 13. Let f = m + -4. Calculate the remainder when 22 is divided by f/(-3) - 102/(-9).
10
Let k(p) = -25*p + 2. What is the remainder when k(-1) is divided by 7?
6
Let i = 17 - 10. Let o(s) = -3 + s + 3. Calculate the remainder when i is divided by o(3).
1
Suppose 2*f = -4*w - 0*f + 170, 2*f = w - 50. Let x = w - 24. Calculate the remainder when x is divided by (-54)/(-8) - 2/(-8).
6
Let o(c) = 2*c**2 + 3*c - 3. Let r(y) = 2*y**3 - 7*y**2 + 6*y - 5. Let a be r(4). Let h = 51 - a. What is the remainder when h is divided by o(-3)?
4
What is the remainder when 61 is divided by 6/12 - (0 - 62/4)?
13
Suppose -2*i + 28 = 2*i. Let u = 3 - i. Calculate the remainder when (-138)/(-5) - u/10 is divided by 15.
13
What is the remainder when 27 is divided by 13 - (2 + -2 + 3)?
7
Suppose -15 = -4*b + 5. Suppose b*g + 2 = 27. Calculate the remainder when 4*(-2)/(-40)*35 is divided by g.
2
Suppose 0 = -2*k - 5*z + 126, 5*z - 3*z + 45 = k. Let l(p) = p**2 - p - 6. Calculate the remainder when k is divided by l(5).
11
Suppose -2*n + n + 34 = 0. Calculate the remainder when n is divided by -2 + 2 - (-11 - 4/4).
10
Let v = 13 - 2. Let x be (-1 - 3)/(1/(-1)). Suppose -3*f = 4*t - 89, 5*t + 5*f - 111 - x = 0. Calculate the remainder when t is divided by v.
9
Let r = 10 + -5. Let j(b) = -b + 9. Let p be j(r). Let u = p + -3. What is the remainder when 1 is divided by u?
0
Suppose -2*o - 4 = 2*o. Let t(g) = -14*g. Calculate the remainder when 27 is divided by t(o).
13
Let l(y) = y**3 - 3*y**2 - 3*y + 2. Let m = -5 + 9. Calculate the remainder when 22 is divided by l(m).
4
Let r(k) = 2*k**2 + k + 3. What is the remainder when 24 is divided by r(-2)?
6
Suppose 16*w - 21*w = -135. Calculate the remainder when w is divided by 14.
13
Suppose -4*x + 37 = -7*v + 6*v, 4*x - 57 = 5*v. What is the remainder when x is divided by 2?
0
Let u be (-12)/15*5/(-2). Let s be u/4*13*2. Suppose -2*w = -1 - s. What is the remainder when 12 is divided by w?
5
Suppose -5*z = 2*f - z - 122, -z - 147 = -2*f. Calculate the remainder when 139 is divided by f.
68
Calculate the remainder when 222 is divided by 402/9 - -1 - (-16)/(-24).
42
Suppose 50 = 6*i - i. Suppose 2*u + 5 = 3*n, -3*n - u = -2*n - i. Suppose 0 = -n*j + 65 + 20. Calculate the remainder when 49 is divided by j.
15
Let n(d) = d**3 - 9*d**2 - d + 13. Let f be n(9). Suppose 0*o - 3 = 3*o, 71 = 5*b + f*o. Calculate the remainder when b is divided by 4.
3
Suppose -5*n + l = 2, 4*l = -2*n + 5*l - 2. Suppose n = -4*i + 213 + 59. Suppose 31*v = 27*v + 92. Calculate the remainder when i is divided by v.
22
Let p(o) = o**2 + 9*o + 3. Let g be p(-9). What is the remainder when 79 is divided by -3 - (-1 + -32 + g)?
25
Suppose -4*g + 102 = 3*s - 0*s, -3*g + 3*s = -87. Let u(q) = -9*q - 2. Let b be u(-5). Let x = b - g. What is the remainder when 45 is divided by x?
13
Let j = 9 - 3. Calculate the remainder when 9 is divided by j.
3
Let n(k) = -k**3 + 2*k**2 + 3*k. What is the remainder when 37 is divided by n(-2)?
7
Let k = 40 - 21. Suppose 0 = 3*o - 3*z - 24, 0 = 3*o + 7*z - 2*z - 40. What is the remainder when k is divided by o?
9
Let w = 5 + -3. Let m be (-2)/(-3)*6/w. Calculate the remainder when (-118)/(-6) + m/6 is divided by 7.
6
Suppose 7*t - 2*t - 3*v = 97, 4*t = -5*v + 48. Calculate the remainder when -11*(-2)/(-4)*-12 is divided by t.
15
Let v = -58 - -113. Calculate the remainder when v is divided by 15.
10
Let x be (-18)/30 + (-86)/(-10). Suppose -3*q = -x*q + 230. Calculate the remainder when q is divided by 12.
10
Suppose 5*q = 2*q + 36. Let t = q - 5. Calculate the remainder when (-1)/(-1 - (-18)/19) is divided by t.
5
Let v = -15 + 23. Calculate the remainder when 151 is divided by v.
7
Suppose -51 + 14 = -m. Calculate the remainder when m is divided by ((-1 + -12)/(-1))/1.
11
What is the remainder when 0 - 28*-1*1 is divided by 10?
8
Let m = 197 - 87. What is the remainder when m is divided by 38?
34
Let k = -16 + 20. Calculate the remainder when 13 is divided by k.
1
Let t = 36 + -23. Suppose -5*m + 8 = -7. Suppose 29 = 3*x + 4*w, 5*x - 33 = 4*w - m*w. What is the remainder when t is divided by x?
6
Let q(n) = -n**3 - 3*n**2 + 4*n + 4. Let f be q(-4). Suppose -f*r + 9 = 4*h - h, -3*r = 2*h - 7. Calculate the remainder when 28 is divided by 21/r - (-3)/1.
8
Let n = 0 + 3. Calculate the remainder when n/((-1)/4 + 1) is divided by 2.
0
Suppose j - 3 = -0*c - c, 0 = -j - 1. Suppose c*r - 34 = -2*m, 2*r - 15 = -0*m - 3*m. What is the remainder when r is divided by 3?
0
Let r = 77 + -38. What is the remainder when r is divided by 11?
6
Let x(b) = 4*b - 2. Let h = -5 - -9. What is the remainder when x(3) is divided by h?
2
Suppose q - 2 + 4 = 0. Let i = -3 - q. What is the remainder when 8 is divided by -4*(-3 + 2) + i?
2
Suppose 1 + 11 = y. Let i(v) = -v**3 + 5*v**2 + 3*v + 7. What is the remainder when i(5) is divided by y?
10
Let f = -1 + 4. Suppose 2*x + 1 = -2*a - 5, -f = x. Let g = 3 - a. What is the remainder when g is divided by 2?
1
Let x(q) be the first derivative of -q**4/2 - 4*q**3/3 - q**2/2 - q + 5. Calculate the remainder when x(-4) is divided by 23.
21
Let p = 55 + -45. Calculate the remainder when p is divided by 2.
0
Suppose -27 - 43 = -5*i. What is the remainder when 25 is divided by i?
11
Suppose -2*g - 5*f + 15 = 0, -f - 65 = -3*g - 0*f. Calculate the remainder when g is divided by 8.
4
Suppose -2*u + 10 = 5*v, 0 = u - 2*u + 4*v + 5. What is the remainder when 15 is divided by u?
0
Suppose 11*s = 7*s + 12. Suppose 2*u + 3*r + 2*r = -25, 4*u = -s*r - 15. Suppose 3*p - 7 - 14 = u. Calculate the remainder when 20 is divided by p.
6
Let h = -18 - -29. Let s = 19 - h. What is the remainder when 22 is divided by s?
6
Suppose -5 = -3*f - 26. What is the remainder when 12 is divided by -1 + (1 - 1*f)?
5
Let w(t) = -t**3 - 7*t**2 - 4*t - 9. What is the remainder when 75 is divided by w(-7)?
18
Suppose 0*a = -5*a + 60. What is the remainder when a is divided by 7?
5
Let h = 152 + -99. What is the remainder when h is divided by 9?
8
Let v = -1126 + 1136. Suppose 2*m - 51 = -m. Calculate the remainder when m is divided by v.
7
Let r = -45 + 64. Let z = 108 + -98. Calculate the remainder when r is divided by z.
9
Let h(n) = -n**2 - 7*n - 2. Let w be -2 + 2*-2 - -2. Let l = w + 7. What is the remainder when h(-6) is divided by l?
1
Calculate the remainder when 89 is divided by (-9)/6 - -2*99/12.
14
Suppose 4*q - 5*v = 174, 2*v - 2 = 2. Let n = 49 + -72. Let t = -7 - n. What is the remainder when q is divided by t?
14
Let k = 32 + -11. Let v = k